 is divided by 98.
2
What is the remainder when 1961 is divided by 102?
23
Calculate the remainder when 833 is divided by 229.
146
What is the remainder when 2687 is divided by 301?
279
What is the remainder when 3394 is divided by 379?
362
What is the remainder when 95098 is divided by 86?
68
What is the remainder when 13020 is divided by 17?
15
What is the remainder when 1948 is divided by 1927?
21
What is the remainder when 1328 is divided by 68?
36
Calculate the remainder when 1852 is divided by 39.
19
What is the remainder when 30705 is divided by 94?
61
Calculate the remainder when 10887 is divided by 436.
423
Calculate the remainder when 1553 is divided by 1308.
245
Calculate the remainder when 36141 is divided by 59.
33
Calculate the remainder when 12925 is divided by 1075.
25
What is the remainder when 3097 is divided by 45?
37
Calculate the remainder when 19994 is divided by 897.
260
What is the remainder when 2061333 is divided by 2606?
2593
What is the remainder when 53564 is divided by 17842?
38
Calculate the remainder when 10749 is divided by 5092.
565
What is the remainder when 17579 is divided by 275?
254
What is the remainder when 31788 is divided by 5285?
78
What is the remainder when 86760 is divided by 185?
180
Calculate the remainder when 11870 is divided by 3912.
134
Calculate the remainder when 1223 is divided by 1174.
49
What is the remainder when 122313 is divided by 4?
1
Calculate the remainder when 1663 is divided by 974.
689
What is the remainder when 33723 is divided by 231?
228
Calculate the remainder when 3910 is divided by 156.
10
What is the remainder when 1038077 is divided by 12358?
5
Calculate the remainder when 11243 is divided by 23.
19
Calculate the remainder when 2305805 is divided by 254.
247
What is the remainder when 139300 is divided by 109?
107
What is the remainder when 62970 is divided by 6994?
24
What is the remainder when 2779 is divided by 1371?
37
What is the remainder when 1481 is divided by 1449?
32
What is the remainder when 358624 is divided by 125?
124
Calculate the remainder when 5254 is divided by 2624.
6
Calculate the remainder when 88224 is divided by 3042.
6
What is the remainder when 2362 is divided by 67?
17
Calculate the remainder when 10030 is divided by 1268.
1154
What is the remainder when 7565 is divided by 504?
5
What is the remainder when 479220 is divided by 29?
24
What is the remainder when 26672 is divided by 25?
22
Calculate the remainder when 25720 is divided by 989.
6
Calculate the remainder when 12927 is divided by 4230.
237
Calculate the remainder when 27165 is divided by 88.
61
What is the remainder when 59778 is divided by 33?
15
Calculate the remainder when 1382 is divided by 45.
32
Calculate the remainder when 236976 is divided by 29.
17
Calculate the remainder when 3207 is divided by 399.
15
What is the remainder when 70519 is divided by 27?
22
Calculate the remainder when 1147 is divided by 288.
283
What is the remainder when 4504 is divided by 3193?
1311
Calculate the remainder when 159725 is divided by 11.
5
What is the remainder when 192 is divided by 88?
16
What is the remainder when 7310 is divided by 7236?
74
What is the remainder when 4030 is divided by 526?
348
What is the remainder when 634 is divided by 386?
248
Calculate the remainder when 708397 is divided by 322.
319
Calculate the remainder when 2194 is divided by 549.
547
What is the remainder when 427482 is divided by 1013?
1009
Calculate the remainder when 114433 is divided by 235.
223
Calculate the remainder when 8890 is divided by 821.
680
What is the remainder when 140315 is divided by 38?
19
What is the remainder when 30635 is divided by 325?
85
What is the remainder when 93598 is divided by 50?
48
What is the remainder when 857 is divided by 108?
101
What is the remainder when 742184 is divided by 23?
20
What is the remainder when 62677 is divided by 281?
14
Calculate the remainder when 28005 is divided by 66.
21
Calculate the remainder when 5922238 is divided by 620.
618
Calculate the remainder when 4019 is divided by 499.
27
Calculate the remainder when 929 is divided by 436.
57
What is the remainder when 6346 is divided by 44?
10
Calculate the remainder when 919 is divided by 77.
72
What is the remainder when 96458 is divided by 294?
26
Calculate the remainder when 1418861 is divided by 21.
17
Calculate the remainder when 454 is divided by 254.
200
What is the remainder when 243400 is divided by 1979?
1962
Calculate the remainder when 3616 is divided by 3257.
359
Calculate the remainder when 42549 is divided by 1362.
327
What is the remainder when 23772 is divided by 75?
72
What is the remainder when 211580 is divided by 26442?
44
What is the remainder when 118511 is divided by 112?
15
What is the remainder when 13395 is divided by 706?
687
What is the remainder when 2618 is divided by 717?
467
Calculate the remainder when 10336 is divided by 770.
326
What is the remainder when 86118 is divided by 20?
18
Calculate the remainder when 274 is divided by 71.
61
What is the remainder when 8024 is divided by 7985?
39
What is the remainder when 12403 is divided by 4027?
322
What is the remainder when 2433 is divided by 135?
3
Calculate the remainder when 298476 is divided by 1005.
996
Calculate the remainder when 48143 is divided by 398.
383
Calculate the remainder when 1935 is divided by 49.
24
Calculate the remainder when 147821 is divided by 73905.
11
Calculate the remainder when 370 is divided by 266.
104
Calculate the remainder when 168314 is divided by 18.
14
Calculate the remainder when 282447 is divided by 426.
9
Calculate the remainder when 787279 is divided by 907.
3
Calculate the remainder when 3622 is divided by 278.
8
What is the remainder when 85211 is divided by 636?
623
What is the remainder when 805 is divided by 676?
129
Calculate the remainder when 15496 is divided by 7744.
8
What is the remainder when 462653 is divided by 44?
37
Calculate the remainder when 277869 is divided by 13.
7
Calculate the remainder when 2310 is divided by 106.
84
Calculate the remainder when 18945 is divided by 10.
5
Calculate the remainder when 1088 is divided by 52.
48
Calculate the remainder when 2044 is divided by 675.
19
Calculate the remainder when 2674 is divided by 2454.
220
What is the remainder when 3733 is divided by 223?
165
What is the remainder when 16484 is divided by 131?
109
What is the remainder when 291686 is divided by 152?
150
What is the remainder when 1380991 is divided by 460330?
1
What is the remainder when 172293 is divided by 277?
276
What is the remainder when 15539 is divided by 409?
406
Calculate the remainder when 4493 is divided by 26.
21
What is the remainder when 1377 is divided by 49?
5
What is the remainder when 73332 is divided by 1832?
52
Calculate the remainder when 17270 is divided by 751.
748
What is the remainder when 9456 is divided by 1850?
206
What is the remainder when 1514 is divided by 107?
16
Calculate the remainder when 11510 is divided by 549.
530
What is the remainder when 1380 is divided by 81?
3
Calculate the remainder when 1261030 is divided by 15.
10
Calculate the remainder when 2136 is divided by 966.
204
What is the remainder when 21144 is divided by 6772?
828
What is the remainder when 228 is divided by 110?
8
Calculate the remainder when 8666 is divided by 39.
8
What is the remainder when 4030 is divided by 793?
65
Calculate the remainder when 136563 is divided by 4138.
9
What is the remainder when 2113 is divided by 35?
13
Calculate the remainder when 342511 is divided by 100.
11
What is the remainder when 1574 is divided by 82?
16
Calculate the remainder when 12226 is divided by 6112.
2
Calculate the remainder when 1306 is divided by 216.
10
Calculate the remainder when 29468 is divided by 209.
208
What is the remainder when 852138 is divided by 984?
978
What is the remainder when 6151 is divided by 36?
31
What is the remainder when 925049 is divided by 1124?
1121
What is the remainder when 6338 is divided by 790?
18
Calculate the remainder when 59600 is divided by 14.
2
Calculate the remainder when 24571 is divided by 165.
151
Calculate the remainder when 3628 is divided by 195.
118
Calculate the remainder when 120382 is divided by 